 137, 3541
What are the prime factors of 335877128?
2, 43, 193, 5059
What are the prime factors of 2293924086?
2, 3, 127440227
What are the prime factors of 31554791?
31554791
What are the prime factors of 5421871042?
2, 7, 6857, 56479
List the prime factors of 373998170.
2, 5, 7, 13, 23, 107, 167
List the prime factors of 21315432.
2, 3, 888143
List the prime factors of 1722910521.
3, 2909, 197423
List the prime factors of 43623963.
3, 4847107
What are the prime factors of 1891065229?
1891065229
List the prime factors of 289755607.
289755607
List the prime factors of 1721302186.
2, 73, 89, 132469
List the prime factors of 12660183.
3, 31, 45377
What are the prime factors of 1545753213?
3, 59, 181, 1787
List the prime factors of 845754893.
845754893
List the prime factors of 90894228.
2, 3, 109, 69491
List the prime factors of 1141517724.
2, 3, 95126477
List the prime factors of 1437241625.
5, 17, 676349
What are the prime factors of 959891877?
3, 7, 41, 157, 263
List the prime factors of 15025393.
29, 41, 12637
What are the prime factors of 2851661994?
2, 3, 89, 5340191
What are the prime factors of 140946112?
2, 61, 79, 457
List the prime factors of 469537211.
11, 13, 79, 89, 467
What are the prime factors of 2109751830?
2, 3, 5, 19, 73, 16901
What are the prime factors of 235017166?
2, 41, 769, 3727
What are the prime factors of 1077885186?
2, 3, 7, 25663933
What are the prime factors of 40695414?
2, 3, 53, 127973
What are the prime factors of 794911861?
53, 1571, 9547
List the prime factors of 1108735111.
11, 100794101
What are the prime factors of 559339455?
3, 5, 37289297
List the prime factors of 2222957252.
2, 659, 843307
What are the prime factors of 421752492?
2, 3, 7, 37, 45233
List the prime factors of 293592446.
2, 7, 19, 293, 3767
What are the prime factors of 2250220433?
23, 97835671
What are the prime factors of 60954977?
743, 82039
List the prime factors of 16494959.
13, 1268843
List the prime factors of 480591023.
11, 43690093
What are the prime factors of 53540961?
3, 37, 482351
List the prime factors of 71647622.
2, 17, 23, 91621
What are the prime factors of 2337618989?
2337618989
What are the prime factors of 221030661?
3, 73676887
What are the prime factors of 127575761?
5477, 23293
What are the prime factors of 113404484?
2, 17, 193, 8641
List the prime factors of 972613.
972613
What are the prime factors of 57141684?
2, 3, 443, 3583
What are the prime factors of 608296889?
47, 12942487
What are the prime factors of 42635014?
2, 17, 4339
List the prime factors of 143577318.
2, 3, 29, 53, 15569
List the prime factors of 2350917144.
2, 3, 293, 111439
What are the prime factors of 108624170?
2, 5, 23, 41, 11519
List the prime factors of 51542706.
2, 3, 19, 281, 1609
What are the prime factors of 1001789563?
1493, 670991
List the prime factors of 182778094.
2, 163, 560669
What are the prime factors of 29167420?
2, 5, 1458371
List the prime factors of 101696658.
2, 3, 7, 345907
What are the prime factors of 945180061?
7, 19, 20719
What are the prime factors of 352638750?
2, 3, 5, 271, 347
List the prime factors of 902633800.
2, 5, 1301, 3469
What are the prime factors of 50718612?
2, 3, 7, 603793
List the prime factors of 391836265.
5, 78367253
List the prime factors of 258146524.
2, 523, 123397
List the prime factors of 2415541442.
2, 1207770721
List the prime factors of 1318186924.
2, 257, 479, 2677
List the prime factors of 1481205088.
2, 11, 4207969
List the prime factors of 4660064.
2, 107, 1361
What are the prime factors of 2137307474?
2, 103, 599, 17321
List the prime factors of 2121504081.
3, 103, 6865709
List the prime factors of 4036397931.
3, 149, 3009991
What are the prime factors of 281689765?
5, 7, 61, 131939
What are the prime factors of 8125099?
17, 477947
List the prime factors of 3637461558.
2, 3, 606243593
What are the prime factors of 54086848?
2, 47, 17981
What are the prime factors of 238070761?
433, 549817
What are the prime factors of 391721133?
3, 130573711
List the prime factors of 2685608438.
2, 20113, 66763
What are the prime factors of 147809631?
3, 571, 86287
What are the prime factors of 1035230984?
2, 129403873
What are the prime factors of 183588353?
13, 59, 107, 2237
What are the prime factors of 268291062?
2, 3, 13, 151, 2531
What are the prime factors of 118752250?
2, 5, 59, 83, 97
What are the prime factors of 34417034?
2, 53, 324689
What are the prime factors of 2948413374?
2, 3, 599, 273457
What are the prime factors of 200935241?
13, 19, 813503
List the prime factors of 955856719.
47, 223, 91199
List the prime factors of 439431825.
3, 5, 7, 97, 8629
What are the prime factors of 1566200381?
19, 277, 523, 569
What are the prime factors of 3681885880?
2, 5, 1567, 58741
What are the prime factors of 28027828?
2, 1409, 4973
What are the prime factors of 34389580?
2, 5, 53, 32443
What are the prime factors of 1299943138?
2, 13, 293, 170641
List the prime factors of 355782903.
3, 7, 43, 47, 83, 101
What are the prime factors of 7778331?
3, 11, 78569
List the prime factors of 200463344.
2, 12528959
List the prime factors of 138359627.
7, 53, 139, 2683
What are the prime factors of 147810991?
61, 2423131
List the prime factors of 1022721011.
13, 78670847
What are the prime factors of 375563046?
2, 3, 101, 619741
List the prime factors of 591066131.
4409, 134059
What are the prime factors of 615562663?
615562663
What are the prime factors of 2256742929?
3, 7, 31, 47, 73757
List the prime factors of 15071796.
2, 3, 499, 839
What are the prime factors of 32832708?
2, 3, 457, 5987
What are the prime factors of 438203684?
2, 109550921
List the prime factors of 43966575.
3, 5, 195407
List the prime factors of 11881932.
2, 3, 43, 23027
List the prime factors of 37707046.
2, 13, 1450271
List the prime factors of 4336867068.
2, 3, 137, 2637997
What are the prime factors of 1563216262?
2, 67, 347, 33619
What are the prime factors of 2843620713?
3, 53, 61, 97729
What are the prime factors of 149971539?
3, 151, 331063
List the prime factors of 116162069.
83, 1399543
List the prime factors of 3373247928.
2, 3, 67, 619, 3389
List the prime factors of 2528488194.
2, 3, 19, 22179721
What are the prime factors of 40424814?
2, 3, 107, 139, 151
List the prime factors of 288334207.
7, 41190601
List the prime factors of 250048521.
3, 27783169
What are the prime factors of 19383663?
3, 13, 497017
What are the prime factors of 38872296?
2, 3, 29, 18617
What are the prime factors of 95016861?
3, 101, 34843
List the prime factors of 137179134.
2, 3, 487, 15649
List the prime factors of 351216938.
2, 19, 1361, 6791
List the prime factors of 165020087.
353, 467479
What are the prime factors of 1475963442?
2, 3, 61, 1051, 1279
List the prime factors of 24663025.
5, 347, 2843
What are the prime factors of 235093145?
5, 7, 2203, 3049
What are the prime factors of 50531242?
2, 17, 263, 5651
What are the prime factors of 5076141013?
43, 118049791
List the prime factors of 6432818608.
2, 53, 7585871
What are the prime factors of 142577501?
11, 19, 181, 3769
List the prime factors of 312646879.
167, 1872137
List the prime factors of 291895871.
291895871
What are the prime factors of 358817021?
349, 1028129
What are the prime factors of 61402112?
2, 61, 983
List the prime factors of 3833415635.
5, 7, 23, 1721, 2767
What are the prime factors of 29907309?
3, 9969103
List the prime factors of 89109333.
3, 9901037
What are the prime factors of 159541951?
159541951
List the prime factors of 3505736427.
3, 29, 2767, 14563
List the prime factors of 476736098.
2, 43, 5543443
What are the prime factors of 496281106?
2, 248140553
What are the prime factors of 127228163?
37, 461, 7459
What are the prime factors of 559055786?
2, 181, 997, 1549
What are the prime factors of 37077532?
2, 67, 138349
What are the prime factors of 2450627998?
2, 7, 13, 13464989
What are the prime factors of 58358648?
2, 263, 27737
List the prime factors of 355930867.
67, 1913, 2777
What are the prime factors of 2020707077?
2020707077
What are the prime factors of 609888626?
2, 1429, 213397
List the prime factors of 2008690783.
11, 182608253
What are the prime factors of 172422256?
2, 787, 13693
List the prime factors of 1884856747.
2633, 715859
List the p